7?
13
Let y(u) = -7*u - 49. Let w be y(-8). Suppose 12*p = w*p + 390. Calculate the remainder when p is divided by 16.
14
Suppose -4*n + 0 + 16 = 0. Suppose 5 = q, -15 = n*b - 5*q + 2. Suppose -y = -2*g + 120, -287 = b*g - 7*g - 4*y. Calculate the remainder when g is divided by 20.
19
Let n = 23 + -21. Suppose n = 3*y - 43. Calculate the remainder when 42 is divided by y.
12
Let x = 85 - 144. Let m = 144 + x. What is the remainder when m is divided by 11?
8
Suppose -10*s - 72 = -28*s. Calculate the remainder when (1 + s)*(1 - (-15 - 5)) is divided by 36.
33
Suppose 4*w = w + 273. Let m = 211 - w. Suppose 5*j = j + m. What is the remainder when j is divided by 9?
3
Let k(x) = x**3 + 5*x**2 + 4*x - 3. Let n be k(-4). Let y(q) = -3*q**3 - 5*q**2 - 3*q - 4. What is the remainder when y(n) is divided by 14?
13
Suppose a + 0 - 4 = 0. Suppose -42 = -a*s - 5*y, -s + 67 = 4*s - y. What is the remainder when 38 is divided by s?
12
Suppose -21*r + 26*r = 0. Suppose 2*m - 3*m + 23 = r. What is the remainder when m is divided by 6?
5
Suppose w + 5*p = 131, -2*w - 5*p = w - 373. Let n = 300 - w. Let q = -100 + n. What is the remainder when q is divided by 20?
19
Suppose -4*s - 3*z - 18 = -705, -4*s + 3*z = -681. Calculate the remainder when s is divided by 89.
82
Suppose 1 = -y, -2*a + 3*y = 5*y - 16. Let q be ((-40)/15)/(4/(-30)). Suppose -3*o - 2 = -q. Calculate the remainder when a is divided by o.
3
Let i = 18 + 5. Let p = -5 + i. What is the remainder when 89 is divided by p?
17
Suppose -t - 5 = h, h = -h - 4*t - 18. What is the remainder when -2 + h/((-4)/112) is divided by 6?
2
Let b(w) = w**2 - 3*w - 3. What is the remainder when ((12/(-18))/((-50)/255))/((-3)/(-15)) is divided by b(5)?
3
Let a(x) = 3*x**2 + 9*x + 4. Let y be a(-4). Let g = y - 8. Let b = -33 + 55. What is the remainder when b is divided by g?
6
Suppose y = 4*c + 15 + 55, 66 = y - 3*c. Calculate the remainder when y is divided by 10.
4
Suppose 8*i = 639 + 193. Let n = -41 + i. What is the remainder when n is divided by 13?
11
Suppose -2*o - 5*c = -61, o + 4*c = 3*o - 16. Calculate the remainder when 0/(-1) + 64 + o is divided by 28.
26
Let o(r) = -249*r + 309. Let d = 2 - -7. What is the remainder when o(1) is divided by d?
6
Suppose 2*x = -0*x - 4, -5*s + 4 = -2*x. Suppose o + 3*v = -s*o + 73, 0 = -o + 5*v + 113. What is the remainder when o is divided by 15?
13
Calculate the remainder when 587 is divided by 118 - 2 - 6 - -9.
111
Suppose -2 + 6 = b. Suppose 4*y - 40 = 2*y. Suppose -256 + y = -b*f. What is the remainder when f is divided by 12?
11
Let v(q) = 5*q**3 - 32*q**2 - 26*q - 14. Let k(h) = -2*h**3 + 16*h**2 + 13*h + 7. Let m(s) = 9*k(s) + 4*v(s). What is the remainder when 39 is divided by m(-7)?
11
Let b(w) = w**3 + 7*w**2 + 7*w + 6. Let y be b(-6). Suppose y = -4*v - 0 + 40. Let a = -157 + 176. What is the remainder when a is divided by v?
9
Let r(k) be the second derivative of -25*k**3/2 - 43*k. Calculate the remainder when r(-1) is divided by 40.
35
Let j(y) = -8*y**2 - y**3 + 2*y**3 + 21*y + 14 - 28*y - 2*y**3. Calculate the remainder when 27 is divided by j(-7).
13
Suppose 12 = t - 6. Suppose 3*k - 271 = -4*s - 78, 3*s = -3*k + 198. What is the remainder when k is divided by t?
17
Let l = -45 + 111. Suppose 5*v - 80 = -5*i, 2*i - 8 = -5*v + 21. What is the remainder when l is divided by i?
15
Let x(q) = 25*q**3 - 5*q + 8. What is the remainder when x(2) is divided by 67?
64
Let d(g) = -g**3 - g**2 - g + 48. Suppose 2*h - l - 33 = 0, 0 = h + 4*h + 3*l - 88. What is the remainder when d(0) is divided by h?
14
Let z(l) = -l**2 - 21*l - 21. Let i = -64 + 58. What is the remainder when z(i) is divided by 28?
13
Let b(k) be the third derivative of k**6/120 + 2*k**5/15 - k**4/24 + k**3/6 - 14*k**2. Let r = -24 - -44. What is the remainder when b(-6) is divided by r?
19
Let v(y) = -142*y - 1165. Calculate the remainder when v(-9) is divided by 4.
1
Let j = -111 - -134. What is the remainder when j is divided by 12?
11
Let l be (3 + -1 - 4)*-7. Suppose 25 = -13*j + l*j. What is the remainder when 47 is divided by j?
22
Suppose 2*u - 22 = -2*b - 6, -5*u + 27 = 4*b. What is the remainder when 51 is divided by b?
12
Let p = 11 + -5. Let o = 2 + 3. Suppose 0 = -o*r + 45. Calculate the remainder when r is divided by p.
3
Let r(v) = -v**3 + 4*v**2 + 5*v - 3. Suppose a = -5*w + 2 - 140, 346 = -2*a + 4*w. Let b = 244 + a. What is the remainder when b is divided by r(3)?
18
Let i(j) = j**3 - 5*j**2 - 12*j. Let d be i(7). What is the remainder when 96 - (15/(-75) + d/(-5)) is divided by 13?
8
Suppose -158*a = -153*a - 65. What is the remainder when 584 is divided by a?
12
Let l = -1411 - -1637. Calculate the remainder when l is divided by 21.
16
Let k = 141 - 123. What is the remainder when -11*(0 + (-9)/3) is divided by k?
15
Suppose 0 = -l + 5*u + 813, -683 = 3*l + 5*u - 3162. Suppose -6*y = -l - 245. Calculate the remainder when y is divided by 30.
28
Let d(v) = -v**2 + 18*v + 1. Calculate the remainder when d(18) is divided by 1.
0
Suppose -26 - 25 = -3*u. What is the remainder when ((-66)/(-4))/(6 + (-77)/14) is divided by u?
16
Let n = 13 + -7. Suppose -n + 2 = r. Let p = r - -35. Calculate the remainder when 90 is divided by p.
28
Let q = 39 + -36. Suppose 7 = 4*x - 1, -4*s + q*x = -226. Calculate the remainder when s is divided by 15.
13
Suppose -n - 1 - 1 = 0. Let g = n + 6. Suppose 2*d - 22 = -0*d. What is the remainder when d is divided by g?
3
Let p = 366 + -355. What is the remainder when 37 is divided by p?
4
Suppose -o - 3*o = 0. Suppose o*t - 3*t = -30. Let d = 87 + -60. Calculate the remainder when d is divided by t.
7
Let r = -426 - -441. Calculate the remainder when 87 is divided by r.
12
Suppose -827 = -40*u + 453. Calculate the remainder when 32 is divided by u.
0
Suppose -26 = 5*c - 126. Let h be 2*1 - (-10 + c). Let l = h + 17. What is the remainder when 32 is divided by l?
5
Let v(c) = -11*c - 51. What is the remainder when 50 is divided by v(-6)?
5
Let w = 39 + -39. Suppose 2*u - 138 = 4*r, u + r + 2*r - 59 = w. Calculate the remainder when u is divided by 98/6 - (-4)/6.
14
Let f(g) = -35*g - 6. Calculate the remainder when f(-4) is divided by (-68)/(-6)*(2 - -1).
32
Suppose -205 = -5*x - 2*h, -2*h = 3*h. Let d = 35 - 33. What is the remainder when x is divided by ((-1)/d)/((-9)/270)?
11
Let q(u) be the first derivative of 2*u**2 + 3*u - 2. Suppose 3*s + 4*b = 41, 0 = 2*s - 8*b + 3*b + 11. Calculate the remainder when q(2) is divided by s.
4
Let u be (-118)/(-3 - (-3)/3). Let o = u - 22. Calculate the remainder when o is divided by 19.
18
Let c(l) = -4*l**2 - 36*l - 39. Calculate the remainder when 70 is divided by c(-6).
4
Suppose 5*v = 6*v - 99. Calculate the remainder when v is divided by 17.
14
Suppose -f + 4*h + 10 = h, -5*f = 3*h - 14. Suppose -2*t + 10 = -f. Calculate the remainder when 27 is divided by t.
6
Suppose 8*p + 0*p = 4448. Suppose -7*o + p = 199. What is the remainder when o is divided by 18?
15
What is the remainder when 609 is divided by -2*1 + 6580/94?
65
Let f(t) = 4*t + 11. Let z be f(-7). Let y(b) = b**3 + 19*b**2 + 33*b - 11. Calculate the remainder when 39 is divided by y(z).
3
Suppose -286 = -i - 282. Calculate the remainder when 100 is divided by i.
0
Let h = -36 - -6. Let d = h - -46. What is the remainder when 46 is divided by d?
14
What is the remainder when (-2)/1 - -1 - -71 is divided by 21?
7
Suppose 3*j + 40*j - 817 = 0. Calculate the remainder when 1839 is divided by j.
15
Let r = -665 - -722. What is the remainder when 225 is divided by r?
54
Let r(n) = 2*n**2 - 10*n + 9. Let h be r(4). What is the remainder when (2414/(-68))/(2/4 - h) is divided by 24?
23
Suppose 3*t - 602 = -2*s + 4*s, 2*t + 3*s - 410 = 0. What is the remainder when t is divided by 69?
64
Suppose -5*q + 0*q = -10. Let x = q + -34. Let m = x - -62. Calculate the remainder when m is divided by 11.
8
Let l(g) = g**2 + 11*g + 11. Let c = -19 + 21. Suppose 4*w + 11 = s + c*w, 115 = 5*s + 5*w. Calculate the remainder when l(-14) is divided by s.
15
Let d(j) = 8*j**2 - 36*j + 30. Let k(f) = -3*f**2 + 12*f - 10. Let y(n) = 5*d(n) + 14*k(n). What is the remainder when 28 is divided by y(-6)?
8
Let s = -407 + 438. Calculate the remainder when s is divided by 9.
